{"id":477,"date":"2015-12-24T20:06:09","date_gmt":"2015-12-24T20:06:09","guid":{"rendered":"http:\/\/s522522188.online.de\/?page_id=477"},"modified":"2021-01-12T16:48:13","modified_gmt":"2021-01-12T16:48:13","slug":"zucht","status":"publish","type":"page","link":"http:\/\/lilomacs.de\/?page_id=477","title":{"rendered":"Zucht"},"content":{"rendered":"<p style=\"text-align: justify;\"><i>Wer immer sagte, man k\u00f6nne Gl\u00fcck nicht kaufen, verga\u00df Hundebabys. (Gene Hill)<\/i><\/p>\n<p style=\"text-align: justify;\">Zucht bedeutet f\u00fcr uns vor allem, alles Erdenkliche daf\u00fcr zu tun, dass aus unseren Welpen wesensfeste, gesunde und typgerechte erwachsene Hunde in verantwortungsvollen und &#8222;hundlich&#8220; engagierten Familien werden. Der Dalmatiner ist ein sportlicher und aktiver Laufhund, der in seinem Wesen Sicherheit mit freundlichem Auftreten und in seiner Anatomie Kraft und Eleganz ausstrahlen soll. Diesen Typ zu erhalten und auch die hundesportliche Seite an ihm zu f\u00f6rdern, haben wir uns zu unserem Ziel gemacht. Dazu werden die Elterntiere bzw. der geplante Vater genau in Augenschein genommen. Erscheinungsbild, Charakter und Gesundheit der Eltern sollen gleichwertig hohe Priorit\u00e4t erhalten.<\/p>\n<p style=\"text-align: justify;\">Die Welpen werden in unserer Welpenwohnung geboren, eigens daf\u00fcr eingerichtet, \u00fcber die gesamte Aufzuchtzeit mit ihnen zusammen zu leben. Die Welpen ziehen bei uns nicht in ein Welpenhaus, sondern das Rudel samt Mensch zieht bei uns gewisserma\u00dfen zu den Welpen. Damit k\u00f6nnen wir eine optimale Sozialisation und Rund-um-die-Uhr-Betreuung unserer Hunde und Welpen gew\u00e4hrleisten. Geboren im Wurfzimmer in einer gr\u00e4umigen Wurfkiste, zieht es die Kleinen mit wachsender Mobilit\u00e4t weiter in das Welpenzimmer und schlie\u00dflich in die gesamte Wohnung, die einen Indoor-Spielplatz beherbergt. Bei gutem Wetter geht es durch die Wohnung weiter an der kleinen K\u00fcche vorbei in den Garten, der mit allerlei Spielger\u00e4ten ausgestattet ist. Die F\u00f6rderung der Welpen in Motorik und Alltagsger\u00e4uschen und im Kontakt mit Menschen ist f\u00fcr uns \u00e4u\u00dferst wichtig, wissen wir doch nicht zuletzt aus unserer Arbeit mit den Rettungshunden, was die Umwelt heute einem Hund abverlangt und dass wir ihn optimal darauf vorbereiten m\u00fcssen.<\/p>\n<p style=\"text-align: justify;\">Wenn es die H\u00fcndin zul\u00e4sst, darf das restliche Rudel mit &#8222;ins Boot&#8220; und bei der Erziehung der Kleinen mithelfen. Kein Hund wird bei uns ausgeschlossen, alle d\u00fcrfen, sobald Cella und Lia das OK geben, in Kontakt mit den Welpen treten, um ihnen das kleine Einmaleins des guten h\u00fcndischen Benehmens und die sehr feine Hundesprache zu lehren.<\/p>\n<p style=\"text-align: justify;\">Gegessen wird bei uns alles, was landl\u00e4ufig als &#8222;gesund&#8220; erachtet wird. Billiges Trockenfutter oder andere bunte beworbene S\u00fc\u00dfigkeiten f\u00fcr Hunde werden die Welpen bei uns nicht essen. Es wird gebarft (also roh gef\u00fcttert), frisch gekocht und auch mal ein hochwertiges Trockenfutter, bzw. eine gute Dosennahrung gegeben. Nur so kann der junge Hund optimal und gesund gro\u00df werden.<\/p>\n<p style=\"text-align: justify;\">Dass unsere Welpen regelm\u00e4\u00dfig entwurmt, tier\u00e4rztlich kontrolliert, geimpft, gechipt und geh\u00f6runtersucht mit EU-Heimtierausweis und Ahnentafel des Zuchtvereins (CDF\/VDH\/FCI) und erst nach bestandener Zucht- und Wurfabnahme durch einen offiziellen Zuchtwart in die weite Welt hinaus d\u00fcrfen, sollte auf der Hand liegen.<\/p>\n<p style=\"text-align: justify;\">Wir w\u00fcnschen uns im Gegenzug Menschen f\u00fcr unsere Welpen, die unsere intensiven Bem\u00fchungen fortsetzen und zu sch\u00e4tzen wissen, was gute Aufzucht bedeutet. Die Hunde sind bei uns voll in den Alltag und die Familie integriert und genau das sollen unsere Welpeneltern auch bieten k\u00f6nnen. Die Welpen sind nat\u00fcrlich bei Abgabe noch nicht fertig in ihrer Entwicklung. Es kommen einige anstrengende aber auch \u00e4u\u00dferst spannende Aufgaben auf die neuen Besitzer zu. Im ersten Lebensjahr des Welpen geht um den Bindungsaufbau in der Familie, das Kennenerlenen gegenseitiger Verhaltensweisen und das Meistern erster Herausforderungen z.B. in der Hundeschule. Der noch junge Hund sollte zwar gef\u00f6rdert aber k\u00f6rperlich und geistig nicht \u00fcberfordert werden. Der Dalmi ist ein Hund, der t\u00e4glich seine Auslastung ben\u00f6tigt, vor allem, wenn er die Junghundphase hinter sich gelassen hat. Zwei bis drei Stunden Auslauf, Hundesport, am Rad laufen, als Begleiter beim Jogging oder andere Aktivit\u00e4ten braucht der erwachsene Hund, um im sonstigen Alltag ein ruhiger und ausgeglichener Begleiter zu sein. Dalmatiner werden gute 12 bis 14 Jahre alt und so lange werden Sie Verantwortung f\u00fcr das noch kleine B\u00fcndel Hoffnung tragen.<\/p>\n<p style=\"text-align: justify;\">Wir pflegen gerne auch nach der ersten Zeit und der schwierigen Phase der hundlichen Pubert\u00e4t Kontakt zu unseren Welpeneltern, beraten in allen Fragen rund um den Dalmatiner oder nennen kompetente Ansprechpartner und freuen uns \u00fcber Welpentreffen und gemeinsame Spazierg\u00e4nge.<\/p>\n<p style=\"text-align: justify;\">Der VDH hat auf seiner Homepage alles zum Thema Welpen und der Anschaffung eines Hunde zusammengestellt. Schauen Sie sich doch in dieser Rubrik einmal um. Ebenso wird eine private Homepage engagierter VDH-Z\u00fcchter ausschlie\u00dflich rund um den Dalmatiner betrieben. Ein Besuch lohnt sich.<\/p>\n<p style=\"text-align: justify;\">F\u00fcr alle weiteren Fragen und konkretere Informationen zum Dalmatiner stehen wir selbstverst\u00e4ndlich zur Verf\u00fcgung.<\/p>\n<p><a href=\"http:\/\/dalmatiner-wissen.de\/\">http:\/\/dalmatiner-wissen.de\/<\/a><\/p>\n<p style=\"text-align: justify;\"><a href=\"http:\/\/www.vdh.de\/welpen\/zeitbedarf-und-finanzieller-aufwand\">http:\/\/www.vdh.de\/welpen\/zeitbedarf-und-finanzieller-aufwand<\/a><\/p>\n","protected":false},"excerpt":{"rendered":"<p>Wer immer sagte, man k\u00f6nne Gl\u00fcck nicht kaufen, verga\u00df Hundebabys. (Gene Hill) Zucht bedeutet f\u00fcr uns vor allem, alles Erdenkliche daf\u00fcr zu tun, dass aus unseren Welpen wesensfeste, gesunde und typgerechte erwachsene Hunde in verantwortungsvollen und &#8222;hundlich&#8220; engagierten Familien werden. Der Dalmatiner ist ein sportlicher und aktiver Laufhund, der in seinem Wesen Sicherheit mit freundlichem [&hellip;]<\/p>\n","protected":false},"author":1,"featured_media":0,"parent":0,"menu_order":0,"comment_status":"closed","ping_status":"closed","template":"","meta":{"ngg_post_thumbnail":0,"footnotes":""},"class_list":["post-477","page","type-page","status-publish","hentry"],"_links":{"self":[{"href":"http:\/\/lilomacs.de\/index.php?rest_route=\/wp\/v2\/pages\/477","targetHints":{"allow":["GET"]}}],"collection":[{"href":"http:\/\/lilomacs.de\/index.php?rest_route=\/wp\/v2\/pages"}],"about":[{"href":"http:\/\/lilomacs.de\/index.php?rest_route=\/wp\/v2\/types\/page"}],"author":[{"embeddable":true,"href":"http:\/\/lilomacs.de\/index.php?rest_route=\/wp\/v2\/users\/1"}],"replies":[{"embeddable":true,"href":"http:\/\/lilomacs.de\/index.php?rest_route=%2Fwp%2Fv2%2Fcomments&post=477"}],"version-history":[{"count":11,"href":"http:\/\/lilomacs.de\/index.php?rest_route=\/wp\/v2\/pages\/477\/revisions"}],"predecessor-version":[{"id":1031,"href":"http:\/\/lilomacs.de\/index.php?rest_route=\/wp\/v2\/pages\/477\/revisions\/1031"}],"wp:attachment":[{"href":"http:\/\/lilomacs.de\/index.php?rest_route=%2Fwp%2Fv2%2Fmedia&parent=477"}],"curies":[{"name":"wp","href":"https:\/\/api.w.org\/{rel}","templated":true}]}}