{"id":576,"date":"2015-12-25T19:43:23","date_gmt":"2015-12-25T19:43:23","guid":{"rendered":"http:\/\/s522522188.online.de\/?page_id=576"},"modified":"2018-11-08T17:04:05","modified_gmt":"2018-11-08T17:04:05","slug":"rettungshundearbeit","status":"publish","type":"page","link":"http:\/\/lilomacs.de\/?page_id=576","title":{"rendered":"Rettungshundearbeit und Mantrailing"},"content":{"rendered":"<p style=\"text-align: justify;\">Reilly und Finley sind gepr\u00fcfte Fl\u00e4chensuchunde. Lia hat ihre Begleithundepr\u00fcfung und die Vorpr\u00fcfung in der Fl\u00e4chensuche bestanden. Wir haben bis Ende 2017 aktiv in der Rettungshundestaffel mitgearbeitet, dann allerdings die Richtung aus verschiedenen Gr\u00fcnden gewechselt und sind mit unseren beiden Kleinen, Joey und Mavie, im Mantrailing bei GAK9 aktiv. Neben der Ausbildung der Hunde haben wir als Hundef\u00fchrer neben Erster Hilfe, SAN A, Funken, Karte und Kompass und vielen mehr, alles, was man im Einsatzfall f\u00fcr die Zusammenarbeit mit Polizei, Feuerwehr und den anderen Rettungshundeteams k\u00f6nnen muss, \u00fcber die Jahre gelernt. Die Hunde suchen in W\u00e4ldern, Parkanlagen und anderen Gebieten nach vermissten Personen z.B. Demenzkranken, Kindern oder verirrten Wanderern. Beim Mantrailing verfolgt der Hund an einer langen Suchleine die individuelle Spur einer bestimmte (vermissten) Person.&nbsp;<\/p>\n<p style=\"text-align: justify;\">F\u00fcr einen vorl\u00e4ufigen \u00dcberblick gibt es hier einige Bilder von unseren &#8222;Kleinen&#8220; w\u00e4hrend des Trainings.<\/p>\nngg_shortcode_0_placeholder\n<p>&nbsp;<\/p>\n","protected":false},"excerpt":{"rendered":"<p>Reilly und Finley sind gepr\u00fcfte Fl\u00e4chensuchunde. Lia hat ihre Begleithundepr\u00fcfung und die Vorpr\u00fcfung in der Fl\u00e4chensuche bestanden. Wir haben bis Ende 2017 aktiv in der Rettungshundestaffel mitgearbeitet, dann allerdings die Richtung aus verschiedenen Gr\u00fcnden gewechselt und sind mit unseren beiden Kleinen, Joey und Mavie, im Mantrailing bei GAK9 aktiv. Neben der Ausbildung der Hunde haben [&hellip;]<\/p>\n","protected":false},"author":1,"featured_media":0,"parent":0,"menu_order":0,"comment_status":"closed","ping_status":"closed","template":"","meta":{"ngg_post_thumbnail":0,"footnotes":""},"class_list":["post-576","page","type-page","status-publish","hentry"],"_links":{"self":[{"href":"http:\/\/lilomacs.de\/index.php?rest_route=\/wp\/v2\/pages\/576","targetHints":{"allow":["GET"]}}],"collection":[{"href":"http:\/\/lilomacs.de\/index.php?rest_route=\/wp\/v2\/pages"}],"about":[{"href":"http:\/\/lilomacs.de\/index.php?rest_route=\/wp\/v2\/types\/page"}],"author":[{"embeddable":true,"href":"http:\/\/lilomacs.de\/index.php?rest_route=\/wp\/v2\/users\/1"}],"replies":[{"embeddable":true,"href":"http:\/\/lilomacs.de\/index.php?rest_route=%2Fwp%2Fv2%2Fcomments&post=576"}],"version-history":[{"count":7,"href":"http:\/\/lilomacs.de\/index.php?rest_route=\/wp\/v2\/pages\/576\/revisions"}],"predecessor-version":[{"id":1014,"href":"http:\/\/lilomacs.de\/index.php?rest_route=\/wp\/v2\/pages\/576\/revisions\/1014"}],"wp:attachment":[{"href":"http:\/\/lilomacs.de\/index.php?rest_route=%2Fwp%2Fv2%2Fmedia&parent=576"}],"curies":[{"name":"wp","href":"https:\/\/api.w.org\/{rel}","templated":true}]}}